ainder when 227 is divided by 12?
11
What is the remainder when 29 is divided by 19?
10
What is the remainder when 190 is divided by 31?
4
What is the remainder when 1775 is divided by 152?
103
Calculate the remainder when 307 is divided by 45.
37
What is the remainder when 287 is divided by 280?
7
Calculate the remainder when 405 is divided by 29.
28
What is the remainder when 18 is divided by 15?
3
What is the remainder when 595 is divided by 201?
193
Calculate the remainder when 42831 is divided by 8.
7
What is the remainder when 82 is divided by 25?
7
What is the remainder when 670 is divided by 49?
33
What is the remainder when 929 is divided by 71?
6
Calculate the remainder when 5721 is divided by 108.
105
Calculate the remainder when 803 is divided by 27.
20
What is the remainder when 1270 is divided by 90?
10
Calculate the remainder when 177 is divided by 163.
14
Calculate the remainder when 4618 is divided by 220.
218
Calculate the remainder when 1212 is divided by 389.
45
Calculate the remainder when 682 is divided by 36.
34
Calculate the remainder when 19779 is divided by 151.
149
Calculate the remainder when 688 is divided by 85.
8
What is the remainder when 1273 is divided by 15?
13
Calculate the remainder when 49 is divided by 25.
24
What is the remainder when 115 is divided by 17?
13
What is the remainder when 687 is divided by 295?
97
Calculate the remainder when 38 is divided by 25.
13
What is the remainder when 116 is divided by 55?
6
What is the remainder when 88 is divided by 24?
16
What is the remainder when 718 is divided by 6?
4
Calculate the remainder when 265 is divided by 91.
83
Calculate the remainder when 248 is divided by 66.
50
Calculate the remainder when 642 is divided by 15.
12
What is the remainder when 136 is divided by 36?
28
Calculate the remainder when 88 is divided by 7.
4
Calculate the remainder when 131 is divided by 29.
15
Calculate the remainder when 815 is divided by 34.
33
Calculate the remainder when 13 is divided by 3.
1
What is the remainder when 963 is divided by 21?
18
What is the remainder when 319 is divided by 80?
79
What is the remainder when 209 is divided by 171?
38
Calculate the remainder when 276 is divided by 96.
84
What is the remainder when 715 is divided by 65?
0
What is the remainder when 324 is divided by 105?
9
What is the remainder when 169 is divided by 60?
49
Calculate the remainder when 76 is divided by 16.
12
Calculate the remainder when 1401 is divided by 157.
145
What is the remainder when 197 is divided by 67?
63
What is the remainder when 1527 is divided by 152?
7
Calculate the remainder when 221 is divided by 16.
13
What is the remainder when 114 is divided by 25?
14
What is the remainder when 82 is divided by 4?
2
What is the remainder when 8814 is divided by 19?
17
What is the remainder when 1869 is divided by 85?
84
What is the remainder when 9022 is divided by 95?
92
What is the remainder when 3449 is divided by 35?
19
What is the remainder when 2108 is divided by 45?
38
What is the remainder when 333 is divided by 18?
9
What is the remainder when 127 is divided by 50?
27
Calculate the remainder when 320 is divided by 70.
40
What is the remainder when 68 is divided by 68?
0
Calculate the remainder when 427 is divided by 143.
141
Calculate the remainder when 3633 is divided by 101.
98
Calculate the remainder when 3365 is divided by 34.
33
Calculate the remainder when 1467 is divided by 322.
179
Calculate the remainder when 658 is divided by 171.
145
What is the remainder when 263 is divided by 8?
7
What is the remainder when 502 is divided by 57?
46
Calculate the remainder when 172 is divided by 7.
4
Calculate the remainder when 25 is divided by 13.
12
What is the remainder when 2527 is divided by 419?
13
Calculate the remainder when 460 is divided by 5.
0
What is the remainder when 1374 is divided by 32?
30
Calculate the remainder when 1936 is divided by 9.
1
Calculate the remainder when 100 is divided by 51.
49
What is the remainder when 268 is divided by 53?
3
Calculate the remainder when 300 is divided by 7.
6
Calculate the remainder when 436 is divided by 23.
22
What is the remainder when 465 is divided by 120?
105
What is the remainder when 194 is divided by 64?
2
Calculate the remainder when 236 is divided by 59.
0
What is the remainder when 6356 is divided by 12?
8
Calculate the remainder when 171 is divided by 153.
18
Calculate the remainder when 419 is divided by 403.
16
Calculate the remainder when 829 is divided by 62.
23
What is the remainder when 642 is divided by 37?
13
What is the remainder when 69 is divided by 24?
21
Calculate the remainder when 1220 is divided by 16.
4
What is the remainder when 476 is divided by 470?
6
What is the remainder when 41 is divided by 11?
8
Calculate the remainder when 438 is divided by 37.
31
What is the remainder when 874 is divided by 126?
118
What is the remainder when 207 is divided by 89?
29
What is the remainder when 4887 is divided by 488?
7
What is the remainder when 337 is divided by 174?
163
Calculate the remainder when 235 is divided by 18.
1
What is the remainder when 206 is divided by 14?
10
Calculate the remainder when 1861 is divided by 67.
52
Calculate the remainder when 112 is divided by 15.
7
What is the remainder when 116 is divided by 18?
8
Calculate the remainder when 312 is divided by 77.
4
Calculate the remainder when 2350 is divided by 168.
166
What is the remainder when 133 is divided by 34?
31
What is the remainder when 149 is divided by 61?
27
Calculate the remainder when 8118 is divided by 2025.
18
What is the remainder when 82 is divided by 11?
5
What is the remainder when 6823 is divided by 27?
19
Calculate the remainder when 310 is divided by 127.
56
Calculate the remainder when 852 is divided by 173.
160
Calculate the remainder when 1430 is divided by 204.
2
Calculate the remainder when 73 is divided by 24.
1
What is the remainder when 3926 is divided by 33?
32
Calculate the remainder when 41 is divided by 10.
1
What is the remainder when 68 is divided by 52?
16
What is the remainder when 1781 is divided by 99?
98
What is the remainder when 185 is divided by 44?
9
What is the remainder when 154 is divided by 42?
28
What is the remainder when 479 is divided by 61?
52
What is the remainder when 169 is divided by 120?
49
What is the remainder when 2489 is divided by 15?
14
Calculate the remainder when 301 is divided by 16.
13
Calculate the remainder when 1189 is divided by 46.
39
Calculate the remainder when 70 is divided by 27.
16
Calculate the remainder when 1769 is divided by 438.
17
Calculate the remainder when 139 is divided by 48.
43
What is the remainder when 138 is divided by 44?
6
What is the remainder when 3567 is divided by 170?
167
Calculate the remainder when 1377 is divided by 60.
57
Calculate the remainder when 213 is divided by 95.
23
What is the remainder when 526 is divided by 44?
42
What is the remainder when 9104 is divided by 99?
95
Calculate the remainder when 1017 is divided by 22.
5
Calculate the remainder when 258 is divided by 29.
26
Calculate the remainder when 2540 is divided by 1250.
40
What is the remainder when 141 is divided by 103?
38
What is the remainder when 411 is divided by 11?
4
What is the remainder when 251 is divided by 85?
81
What is the remainder when 481 is divided by 49?
40
What is the remainder when 1076 is divided by 268?
4
What is the remainder when 219 is divided by 56?
51
Calculate the remainder when 376 is divided by 358.
18
What is the remainder when 20 is divided by 18?
2
What is the remainder when 7885 is divided by 33?
31
Calculate the remainder when 2846 is divided by 31.
25
Calculate the remainder when 143 is divided by 21.
17
Calculate the remainder when 199 is divided by 36.
19
What is the remainder when 13085 is divided by 8?
5
What is the remainder when 115 is divided by 32?
19
What is the remainder when 286 is divided by 87?
25
What is the remainder when 349 is divided by 14?
13
What is the remainder when 3277 is divided by 16?
13
What is the remainder when 150 is divided by 42?
24
What is the remainder when 1062 is divided by 28?
26
Calculate the remainder when 1016 is divided by 420.
176
What is the remainder when 244 is 